en 82 is divided by g.
39
Let r = -164 + 264. Calculate the remainder when r is divided by 20.
0
Let u(j) = -332*j - 346. What is the remainder when u(-8) is divided by 9?
6
Suppose 0 = -8*m + 23 + 17. Suppose u + 496 = m*u. What is the remainder when u is divided by 18?
16
Let y(j) = 4*j - 1. Let w(u) be the first derivative of -6*u**2 - 7*u + 9. Calculate the remainder when w(-6) is divided by y(3).
10
Suppose 3 = 3*v - 141. Let x be 1/(142/v + -3). Let n = x - -37. Calculate the remainder when 47 is divided by n.
8
Let p = -116 + 215. Suppose i = -0*i + p. Calculate the remainder when i is divided by 20.
19
Let j = -12 + 15. Suppose 0 = -5*i + 25, 0*i - j*i = -4*h - 155. Calculate the remainder when -1 + -2 - -6 - h is divided by 10.
8
Let c = -189 - -200. What is the remainder when 35 is divided by c?
2
Let c(j) = 6*j - 10. Let d be (-12)/(-20) + 51/15. Let q be c(d). What is the remainder when 441/q + (-1)/2 is divided by 11?
9
Suppose -2*x + 219 = 117. Suppose -5*a = 0, 2*a - 1015 = -5*r - 0*a. Calculate the remainder when r is divided by x.
50
Suppose 0 = -r - 4*r - a + 476, -r + a = -94. Calculate the remainder when r is divided by 5*2*12/10.
11
Let i(m) = 2*m**2 + 14*m - 8. Suppose 5*p + 39 = -16. Let d be i(p). Let g = d - 18. Calculate the remainder when g is divided by 21.
20
Suppose -9*d - 13 = -121. Calculate the remainder when 56 is divided by d.
8
Let j = 46 - -6. Calculate the remainder when j is divided by 23.
6
Suppose -2*l = 3*k - 7*l - 348, 432 = 4*k + 4*l. Calculate the remainder when 2328 is divided by k.
108
Suppose -i + 3*i - 546 = 5*g, -2*i = 4*g + 426. What is the remainder when (-2)/(434/g - -4) is divided by 37?
34
Suppose -4*g + 70 + 126 = 3*i, 4*i + 68 = g. Suppose 4*k = 144 - g. Let d = -161 + 169. What is the remainder when k is divided by d?
7
Let o(p) = -p**2 + 16*p + 17. Let r be o(17). Suppose -2*a + f + 99 = r, -3*f - 49 = -a - 2. Calculate the remainder when a is divided by 18.
14
Suppose -2*u - 73 = -5*i - 9, i = -u - 39. Let j = -35 - u. Suppose 0 = -c - 0*c + 2. Calculate the remainder when j is divided by c.
0
Let x = -144 - -580. What is the remainder when (-4)/(-10) - x/(-10) is divided by 12?
8
Suppose -u = -61 + 47. Let k = u - -31. What is the remainder when k is divided by 8?
5
Suppose -4*n = m - 9 + 64, 2*n - 3*m = -31. Let x be 422/n - 3/(-21). Let h = 64 + x. What is the remainder when h is divided by 12?
10
Calculate the remainder when 93 is divided by (-132)/2310 - 1054/(-70).
3
Let b = 50 - 29. Suppose -n + 5*y = n - 3, 5*n - 3*y = -40. Let x(c) = -c**3 - 11*c**2 - 3*c + 7. Calculate the remainder when x(n) is divided by b.
19
Let b(s) be the third derivative of -s**6/120 - 3*s**5/20 - 11*s**4/24 - s**3/3 - 14*s**2. Calculate the remainder when 62 is divided by b(-8).
18
Let j(z) be the second derivative of z**4/3 + 2*z**3/3 + z**2/2 - z. Calculate the remainder when j(4) is divided by 2/1*7 - -7.
18
Let j(c) = 2*c**2 + 5*c - 4. Let y be j(-4). Let m(s) = s**3 - 7*s**2 - 2*s - 14. What is the remainder when m(y) is divided by (1 + 1)/(1/6)?
10
Let s be (-18)/(-24) - (-34)/8. Suppose -i = -3*k - 3, 17 + 38 = 5*i - s*k. Suppose -47 - 37 = -2*c. What is the remainder when c is divided by i?
12
Suppose -21*w + 20 = -652. Suppose -3*k + 11 - 1 = b, -2*b = -4*k + 20. Let t = k + w. What is the remainder when t is divided by 13?
10
Suppose -4*m = 5*k - 281, -k - m = 2*m - 54. Suppose 0 = -4*q - t - 14 + k, -3*t + 39 = 3*q. What is the remainder when 26 is divided by q?
6
Let p(n) = n**2 - 52*n - 207. Let x = -62 - -93. What is the remainder when x is divided by p(-4)?
14
Let t = 17 + -1. Let p(w) = w**2 + 8*w - 619. Calculate the remainder when p(23) is divided by t.
14
Calculate the remainder when (-68 - -70)*(-669)/(-6) is divided by 28.
27
Let l = -121 - -127. Calculate the remainder when 956/l - (-9)/(-27) is divided by 27.
24
Suppose 415*j + 740 = 425*j. What is the remainder when 74 is divided by j?
0
Let y be (-1)/(1*-2 + 1). Suppose y + 7 = 2*m. What is the remainder when m is divided by (-1 - (-5 - 2)) + -4?
0
Let h(v) = -v**2 + 8*v - 11. Let q be h(5). Suppose -6*t = -q*t - 28. Calculate the remainder when 81 is divided by t.
11
Let o = -24 + 2. Let c = o + 39. Suppose 147 = 4*j - c. What is the remainder when j is divided by 11?
8
Let d(k) be the second derivative of 4*k**3/3 - 23*k**2/2 + 19*k. Calculate the remainder when 202 is divided by d(5).
15
Suppose j = 3*n + 67 - 5, -2*j + 134 = -n. Calculate the remainder when j is divided by 35.
33
Let u(m) = -m**2 - 9*m + 16. Let a be u(-9). Suppose 0 = 3*w - 4*q - 20 - 9, w = -5*q + a. What is the remainder when w is divided by 5?
1
Let u(v) = -v**3 - 17*v**2 + 15*v + 114. Suppose -i = -6*i + 170. What is the remainder when u(-18) is divided by i?
32
Suppose 2*i + m + 23 = 0, 3*i - 7*m = -3*m - 7. Let t be (3/i)/((-1)/3). Suppose -2*p = -p - t. What is the remainder when 3 is divided by p?
0
Calculate the remainder when 12/186 - (-28184)/403 is divided by 19.
13
Suppose -4*v - 4*q - q - 16 = 0, 0 = -4*v + 4*q - 16. Calculate the remainder when (-10)/((-120)/(-1458))*v/3 is divided by 41.
39
Suppose 1827 = t + 1821. Let c be ((-3)/(-2))/((-3)/(-90)). Let j = c - 30. Calculate the remainder when j is divided by t.
3
Let w(t) = -t**2 - 2*t - 2. Let y(p) = 2*p**2 + 3*p + 4. Let j(u) = -5*w(u) - 2*y(u). Calculate the remainder when j(-5) is divided by ((-12)/(-27))/(1/9).
3
Suppose -3*i + 3*s = -27, -30 = -5*i + 3*i - s. What is the remainder when 101 is divided by i?
10
Let r(h) = 124*h**2 + 15*h - 16. What is the remainder when r(1) is divided by 21?
18
Suppose -2*t + 91 = 5*c, 6*c = -3*t + 10*c + 125. Calculate the remainder when 167 is divided by t.
38
Calculate the remainder when -6 + (1332 - (-7 - 0)) is divided by 89.
87
Let s(m) = -m**3 + 17*m**2 + 30*m - 202. What is the remainder when 2854 is divided by s(18)?
12
Suppose -3*x + 2*x + 385 = -3*c, 3*c - 3 = 0. What is the remainder when x is divided by 13?
11
Suppose 7*m - 252 = 378. Suppose 5*p = 5*a + 21 - 136, 0 = 5*p - 5. What is the remainder when m is divided by a?
18
Suppose -5*s + 0*s = 2*u - 31, 2*u = -s + 11. Let j(r) = r**3 + 10*r**2 + 9*r + 12. What is the remainder when j(-9) is divided by s?
2
Let w = 115 + -97. Let j = -122 + 171. Calculate the remainder when j is divided by w.
13
Let v = 11 - 2. Let z(q) = -12*q - 151. Let m(p) = -13*p**2 + 2*p + 1. Let f be m(-1). What is the remainder when z(f) is divided by v?
8
Let b(n) = 1287*n**2 + 4*n - 2. What is the remainder when b(1) is divided by 19?
16
Suppose 5*j + 4*y - 91 = 75, -2*j + 2*y = -52. Suppose -5*h + 36 = -h. Calculate the remainder when j is divided by h.
3
Suppose 0*j = -3*j + 12. Suppose 0 = v - 19 + j. What is the remainder when v is divided by (54/15)/((-2)/(-5))?
6
Suppose -3*u + 1015 = -5*f, -3*u - 5*f = -f - 970. Suppose u = 4*c + 2*t + 3*t, -2*c = -5*t - 180. Calculate the remainder when c is divided by 22.
19
Suppose -w = -5*m + 6, 0 = 3*m - 2*m. Let f = w + 12. Suppose 0*h = -5*h + 75. Calculate the remainder when h is divided by f.
3
Let s be (18/(-24))/((-18)/(-8) + -2). Let d(b) = -b**2 - 8*b - 7. Calculate the remainder when 21 is divided by d(s).
5
Let u = 146 + -128. Calculate the remainder when u is divided by 12.
6
Let f be 0 + 4 - (-320)/8. Suppose 7*l = 3*l + f. Calculate the remainder when 229 is divided by l.
9
Let s(k) = 2*k**2 + 6*k + 2. Let r = -37 - -73. Suppose 2*g - r = 6. Calculate the remainder when s(5) is divided by g.
19
Suppose 0 = -2*s - u + 23 - 2, -s - 2*u = -9. Calculate the remainder when 56 is divided by s.
1
Suppose -61*g - 2247 = -68*g. Suppose 4*i + 76 = v, -v - i + g = 3*v. What is the remainder when v is divided by (-2)/(-3) - 122/(-6)?
17
Let b = -1 + 8. Suppose -b*a + 5*a = 28. What is the remainder when 73 is divided by (a/(-4) - 2)*10?
13
Let g = 415 + -281. Suppose 0*p = -p. Suppose -5*w + 2*q + 328 = p, -4*w + 2*q - g = -6*w. What is the remainder when w is divided by 17?
15
Let a = -188 + 218. What is the remainder when 83 is divided by a?
23
Let f = 278 + -170. What is the remainder when 537 is divided by f?
105
Let k = 309 - 139. Calculate the remainder when k is divided by 88.
82
Let n(f) = -f**2 - 3*f + 1. Let b be n(5). Let u = 26 - b. Suppose 0 = -